ne g(6).
-9
Let w = 331 + -330. Let h(v) = 12 - 10 + 5*v - 2. Calculate h(w).
5
Suppose s + 1 = 3*r, s = -2*r + 6*r - 3. Suppose -s*x - 4*d + 40 = -x, -15 = -5*x + 2*d. Let z(b) = 6*b**2 + x*b - b - 3 + 20*b**3 - 19*b**3. Calculate z(-5).
2
Let p(u) = 1 + 48*u + 16*u**2 + 17*u**3 + 10*u + 22*u - 18*u**3. Determine p(20).
1
Let o(z) = -4*z + 2. Suppose -4*i - 21 = -169. Suppose -23 = 2*f + i. Let p be 6/f + 32/10. Calculate o(p).
-10
Let g(z) be the third derivative of -z**5/60 + 5*z**4/24 - 5*z**3/6 + 358*z**2. Determine g(5).
-5
Let y be -2 - ((-12)/3)/1. Let d(t) = -20*t + 25*t - 6 - 5*t**2 + y + 4*t**2. Suppose -5*w + 3*w + 8 = 0. What is d(w)?
0
Let z = -8 - -7. Let w(q) = 17*q**2 + 2*q + 1. Let h be w(z). Let g = h - 12. Let t(i) = -i**2 + 5*i - 5. Determine t(g).
-1
Let f(b) = -21*b - 192 + 0*b + 190. What is f(-2)?
40
Let p(s) be the first derivative of -s**3/3 + 9*s**2/2 - 5*s - 64. Give p(6).
13
Suppose -7 = -u + 2*r + 1, 0 = -4*u - 5*r + 19. Let c(i) = -i**3 + 6*i**2 + i - 12. Let p be c(u). Let m(o) = -o**2 - 6*o - 6. Calculate m(p).
-6
Let m(p) be the third derivative of p**5/40 + 8*p**3/3 + 11*p**2. Let i(c) be the first derivative of m(c). Calculate i(2).
6
Let y(l) = -5*l + l**2 + 4*l + l**3 - 6*l**3 + 2*l**3. Let n be y(1). Let d(v) = -v**3 - v**2 + 4*v + 3. What is d(n)?
9
Let k(h) = -2*h + 4. Let t(c) = c**2 - 9*c + 7. Let q = -19 + 26. Let d be t(q). Let s = -2 - d. What is k(s)?
-6
Let q(n) = 0*n + n - 8 - 2*n. Suppose 4*u - 161 + 137 = 0. What is q(u)?
-14
Let o(l) be the second derivative of 2*l**3/3 - 2*l. Suppose 4*a = 3*d - 15, -4*a - 8 = 5*d - 1. Suppose 10*n + d = 9*n. Calculate o(n).
-4
Let u = 8 + -10. Let v be ((-3)/2 - -1)*u. Let s(b) = b**2 + 11. Let o(m) = -m**2 - 5. Let i(a) = -13*o(a) - 6*s(a). Calculate i(v).
6
Let x(z) = 4*z**2 - 2*z**2 + 720*z**3 + 2 - 719*z**3 - 5*z. What is x(3)?
32
Let f(i) = 2*i + 1. Let j(u) = -9*u - 50. Let k be j(-7). Let o be (-2)/(-13) + k/((-1183)/(-441)). Determine f(o).
11
Let y(z) = z**3 + 4*z**2 + 7*z + 1. Suppose -6*t = 2 + 28. Give y(t).
-59
Let u(l) be the first derivative of l**3/3 + 3*l**2/2 + 4*l - 1. Let h be ((-1158)/(-386))/(1*-1). What is u(h)?
4
Let g(d) = d**3 + 7*d**2 + d + 2. Suppose 5*l - 4 - 16 = 0. Let a = -3 - l. Determine g(a).
-5
Let v be (96/(-56))/(2/(-14)). Let y(g) = -g**2 + 15*g - 30. Calculate y(v).
6
Let d(u) = -2*u**2 - 2*u + 1. Let c(y) = -4*y + 1. Let j be c(1). Let t be d(j). Let l(m) = -m**2 - 10*m + 16. Determine l(t).
5
Let b be ((-374)/68 + (-12)/(-2))*-6. Let c(u) = -15*u - 44. Give c(b).
1
Let y(h) = 4*h**2 + 3*h - 6. Suppose -14*f + 4*l = -10*f, 0 = 2*f + l + 9. Determine y(f).
21
Let s(d) be the third derivative of -d**5/60 - d**3/6 + 2693*d**2. Suppose 0 = -3*y - 2*i - 2*i + 15, -3*i = -3*y - 6. Give s(y).
-2
Let s(m) = -2*m**2 + 2*m. Let c be (-3)/(((-60)/(-180))/(2/(-18))). What is s(c)?
0
Suppose 25*j - 30*j = -5. Let w(u) = -u**2 + j + 83*u + 78*u - 159*u. Calculate w(-2).
-7
Let o(h) = -h**3 + 3*h**2 + h - 3. Suppose 200 = 3*t + 38. Suppose 0 = 5*u - 2*u - t. Let s be (-275)/(-99) + 4/u. Determine o(s).
0
Let o(t) be the second derivative of -t**3/6 + t**2/2 + 2*t. Let z be 11/(-2)*(-36)/198. What is o(z)?
0
Let c = -33 + 37. Let u(j) = 2*j + 1. What is u(c)?
9
Suppose 15*a + 44 = 164. Let h(c) = c**2 - 6*c - 1. Calculate h(a).
15
Suppose -10*s + 2268 = 2*s. Let a(r) = -13*r**3 + 0 - 5*r**3 - s*r**2 + 187*r**2 + 1. Give a(-1).
17
Let u(n) = n + 1. Suppose 10*y + 50 = 15*y. Suppose -4*v + y = -10. Determine u(v).
6
Let a(c) be the first derivative of -c**4/4 + 3*c**3 - 9*c**2/2 - 4*c - 1. Let g(z) = -z**2 + 16*z - 40. Let q be g(12). Determine a(q).
-12
Let v(p) be the third derivative of 0*p + 13*p**2 - 1/24*p**4 - 11/6*p**3 + 0. Give v(-6).
-5
Let d(g) = 1 + 6*g**3 - 4*g + 3*g + 0*g**3 + 0*g**2 - g**2. Let o be (-6 + 4)/(1 - (-3)/(-1)). Calculate d(o).
5
Let m = 212 + -221. Let h = 25 - 11. Let c = m + h. Let x(g) = -g + 1. Determine x(c).
-4
Let f(s) be the third derivative of s**4/4 + 31*s**3/6 - 18*s**2 - 7*s. Calculate f(-6).
-5
Let d(v) be the first derivative of -v**2/2 - 11*v + 2. Let j(b) = 2*b**2 + 87*b + 32. Let z be j(-43). Calculate d(z).
0
Let k(g) = 5*g + 180. Let p be k(-36). Let s(a) = a**2 + 2*a - 7. Give s(p).
-7
Let i be (-12 - -30)/(-9) + -4. Let a(s) = -2*s - 11. Give a(i).
1
Let d(m) = m**2 + 2*m - 6. Let y be d(-4). Let z(f) = 20*f - 49*f - 5 + 24*f + f**y. Give z(6).
1
Let z(b) = -b**3 - 5*b**2 + 3*b - 6. Suppose -94 = 14*c - 10. What is z(c)?
12
Let k(h) = h**3 - 11*h**2 + 11*h - 9. Let u be k(10). Let c = u + -25. Let d = c - -23. Let a(z) = 2*z + 1. Calculate a(d).
-1
Let x(g) = 591603 - 591603 - 2*g + 4*g**2. Determine x(-2).
20
Let s(x) = -1. Let m(t) = t**2 - 17*t - 42. Let o(v) = -m(v) + 2*s(v). Give o(19).
2
Let b(w) be the second derivative of w**5/20 + w**4/12 + w**3/6 + w**2/2 - 12*w. Suppose a - 2 = 2*a. Determine b(a).
-5
Let w(y) = -y**2 - 10*y - 6. Suppose 0 = -12*h - 57 - 15. Give w(h).
18
Let c(m) = -m**3 - m - 12. Let g = -16 + 16. Suppose g = -7*r + 6*r. Give c(r).
-12
Let b be (-102)/68 + (-1)/2. Let f(k) be the first derivative of -3*k**2/2 - 3*k - 2. Determine f(b).
3
Let p = -21 - -31. Let v = -8 + p. Let f(j) = j + 2*j + 3 - v*j - 1. What is f(-2)?
0
Suppose -2 = -3*q + n - 0, n = -2*q - 2. Let z(g) = g**2 + g - 41. What is z(q)?
-41
Suppose 22*q = 78 - 12. Let t(k) = 2*k**2 - 3*k - 3. Calculate t(q).
6
Let s(i) be the second derivative of -i**4/12 + 7*i**3/6 - 5*i**2 - 283*i. Calculate s(4).
2
Let u(o) = -o + 13. Let h(a) = -2*a + 18. Let b(i) = 5*h(i) - 7*u(i). Let m(j) = -3*j. Let l be m(-1). Determine b(l).
-10
Let u(k) = -2 - 63*k**2 + 58*k**2 + k**3 + 3*k + 4. Suppose -4*q + v - 4*v = 17, 2*v + 3 = -q. Let p = 9 + q. What is u(p)?
-2
Let r(g) = 3*g - 1 - g - 1. Suppose 7*w - 3717 = 110*w - 516*w. Give r(w).
16
Let c(k) = -k - 1. Let z(n) = -5*n. Let t be z(0). Suppose t = f + 12 - 7. Give c(f).
4
Let b(j) = 5*j**2 - 25*j - 11. Let t(r) = 14*r**2 - 68*r - 32. Let d(q) = -11*b(q) + 4*t(q). Calculate d(-3).
-7
Let h(k) be the first derivative of -k**3/3 + 2*k**2 - 4*k - 23. Give h(4).
-4
Let o(v) = v**3 + 3*v**2 + 2*v + 1. Suppose 5*t - 4*t + 3 = 0. Let a = 6 + t. Let p be (-3)/a + 2 + -3. What is o(p)?
1
Suppose -2*a + 36 = 2*a + 4*t, t = 3*a - 39. Let r = a + -16. Let b(m) = 0 - m + 1 + 5*m + m**2 - 4. Determine b(r).
-3
Let f = -181 - -171. Let s(y) = -y**2 - 9*y. Determine s(f).
-10
Let k(g) be the first derivative of -g**4/6 + g**3/2 - g**2/2 - 3. Let z(x) be the second derivative of k(x). Let a be (-4)/14 - (-368)/112. Give z(a).
-9
Let k(x) be the second derivative of x**3/6 + 19*x**2/2 + 61*x. What is k(-19)?
0
Let o(t) = 2*t + 32*t - 40*t - 1. What is o(1)?
-7
Let m(q) be the third derivative of -13*q**4/24 - q**3/6 - q**2. Let s be ((-3)/9)/((-5)/(-15)). Determine m(s).
12
Suppose 5*f = -3*i - 9, 11 = 5*f - 2*i + 5. Let v(y) = 3*y**2 - y + 1. Let o(c) = -8*c**2 + 3*c - 6. Let x(q) = o(q) + 3*v(q). Determine x(f).
-3
Let g(q) = 188 - 2*q**2 + 2*q - q**2 - 206 + 4*q**2. Give g(-6).
6
Let n(m) = m**3 - 7*m**2 + 2*m + 8. Let a be 3/6 + (-385)/(-70). Calculate n(a).
-16
Let d(c) = 4 - c + 9*c**2 - c - 1 - 13*c**2 + c**3 - 3*c**2. Give d(8).
51
Let b(q) = 27*q**2 + 4 - 56*q**2 - 2 + 28*q**2 + 12*q. What is b(12)?
2
Let t(k) = 5*k + 1. Let c(g) = 5*g**3 - 2*g**2 + 3. Let p(n) = 9*n**3 - 4*n**2 + 5. Let h(q) = 7*c(q) - 4*p(q). Let v be h(0). Give t(v).
6
Let b(t) = -3*t - 55. Let k be b(-23). Let v(n) = -2*n + 26. Let c(w) = -w + 13. Let f(d) = 13*c(d) - 6*v(d). What is f(k)?
-1
Suppose 2*c - 18 = 11*c. Let d be (2/(-3))/(2/3) - c. Let l(x) = -x + 7 - 3*x - 8. Give l(d).
-5
Let l(v) = -2*v + 13. Suppose i - 2*b = 51, 2*b + 64 = 4*i - 122. Suppose -53*o + 58*o = i. Calculate l(o).
-5
Let u be 27/(-36)*(-8)/3. Let g(w) = -11*w**3 + 3*w**2 + 0*w**u - 5 + 2*w**2 + w + 10*w**3. Calculate g(4).
15
Let x(p) = -3*p - 4. Let j = 601 + -591. Give x(j).
-34
Suppose 0 = -q + 4*d + 18, -5*d + d - 46 = -3*q. Suppose h = 3*k - q, 2 = k + 2*k - 4*h. Let a(v) = -3 + v**3 + 2 - 7*v**2 + 8*v - 4. What is a(k)?
7
Let z(o) = -o**2 + 19*o - 44. Let h be z(16). Let x(l) = -6*l + 25. Calculate x(h).
1
Let k be (7 - (4 - 0)) + -2. Suppose -n - k = -4. Let c(j) = j + 4. Let w(v) = -v - 3. Let h(y) =